l - 11 = 3*l. Calculate the greatest common divisor of l and c.
11
Let p be (-53 + 3)/(-1*1). Let f = -10 - -14. Suppose -f*v = -20 - 20. What is the greatest common factor of v and p?
10
Let x be (20/8)/(6/144). Calculate the highest common divisor of 20 and x.
20
Let g(b) = 3*b**3 - 4*b**2 - 7*b + 4. Let k be g(4). Calculate the highest common divisor of k and 13.
13
Let t(f) = -34*f - 1. Let x be t(-1). Suppose -6*s - 15 = -3*s. Let l(g) = -g**2 - 6*g - 2. Let u be l(s). What is the greatest common factor of x and u?
3
Let q = 118 + -64. Calculate the highest common factor of q and 36.
18
Let h be 16 + -12 + 2*-1. What is the greatest common divisor of 4 and h?
2
Let q(p) = 29*p - 22. Let d be q(2). What is the greatest common factor of 60 and d?
12
Let v be (-133)/(-4) - (2 + 1)/12. Calculate the greatest common factor of 88 and v.
11
Let x = 12 - -30. Calculate the greatest common divisor of x and 6.
6
Let z = 681 + -474. Let j be ((-34)/(-3))/(1/3). Let v = j + -11. Calculate the greatest common divisor of v and z.
23
Suppose -2*m + 89 = -51. Calculate the greatest common divisor of m and 14.
14
Suppose 0*x - 200 = -5*x. Let l = 8 - 3. Suppose 3 = l*f - 22. What is the greatest common factor of f and x?
5
Let k = 77 + 70. What is the highest common divisor of k and 98?
49
Suppose 0 = -3*k - 3 + 18. Let j(t) = -11*t - 2. Let x be j(-2). What is the highest common divisor of k and x?
5
Let b(j) = 4*j**2 - 6*j + 2. Let r be b(4). Let f = -17 + r. What is the greatest common factor of 275 and f?
25
Suppose 5*s - 4*b - 101 = -3*b, -4*b = -4*s + 68. What is the greatest common divisor of 3 and s?
3
Suppose -3*c = -4*o - 321 + 95, 5*c - 3*o - 384 = 0. What is the greatest common factor of c and 13?
13
Let l(k) = -2 - 10 - 5*k + 7. Let a be l(-9). Suppose 2 = 3*g - a. What is the greatest common factor of g and 112?
14
Let r be 6/(-24) + 46/(-8). Let j = r + 21. What is the highest common divisor of 120 and j?
15
Suppose -3*q - 93 = -t, 3 = -2*q + 7. Calculate the highest common divisor of t and 9.
9
Suppose -66 = -2*u - 0*u + 2*m, 3*m = 2*u - 69. Calculate the highest common divisor of 40 and u.
10
Suppose -4*t = 2*a - 38, -3*t + 3*a - 7 = -4*t. Calculate the greatest common divisor of t and 10.
10
Let a be (-704)/(-40)*(-5)/(-2). What is the highest common factor of 4 and a?
4
Suppose 5*k - 10 = 5*n, 4*n - 13 = -3*k - 0*k. Suppose -21 = -3*d + 2*z, z = -k*d - 2*d + 22. Calculate the highest common divisor of 5 and d.
5
Let k(a) = -a**2 + 20*a + 19. Let s be k(15). Let i = s - 44. Let p be (-1)/(2/(-40))*1. Calculate the greatest common divisor of i and p.
10
Suppose 4*m = -3*t + 27, -t + m + 3 - 1 = 0. Calculate the highest common divisor of t and 15.
5
Suppose -g + 2*g = 11. Calculate the greatest common factor of 121 and g.
11
Suppose 3*t = -91 + 1. Let k be ((-4)/10)/(2/t). Calculate the highest common factor of 6 and k.
6
Let w = -5 - -4. Let g be w/((-2)/(1 - -1)). Suppose -5*v = -5*c - 10, -v - 2 = 5*c - 22. Calculate the greatest common divisor of g and c.
1
Let y(m) = -19*m - 3. Let u be y(-2). Let k be (-3 + 3)/1 + u. Suppose 3*b = 4*b + 5*h - k, b - h = 23. Calculate the highest common divisor of b and 75.
25
Let a(k) = -k**2 - k + 105. Let n be a(0). Suppose -55 = -4*w + g, 10 = -w + 4*g + g. Calculate the greatest common divisor of n and w.
15
Suppose 6*s - 238 = -s. Calculate the greatest common factor of 2 and s.
2
Let f be (-53)/(-4) - (-3)/(-12). Let r = -16 - -42. Calculate the highest common divisor of f and r.
13
Let c = 115 - 82. Let f(o) = o**2 + 2. Let v be f(3). Calculate the highest common divisor of v and c.
11
Let l be 4340/21 + (-2)/(-6). What is the highest common divisor of l and 23?
23
Suppose -5*h + 88 = -3*a + 380, -3*a = -4*h - 293. Calculate the greatest common factor of 11 and a.
11
Let k(g) = g**2 - 2*g + 1. Let t be k(3). Suppose r = 5*s - 26, -3*s + t = -r - 12. Let v be (4/(-10))/(r/25). What is the greatest common factor of 4 and v?
2
Let f be (42/15 + -3)*-5. Suppose -p = -0*p + 2. Let w be p/(-1*f/2). What is the highest common factor of 4 and w?
4
Suppose -4*o + 3 - 21 = -i, -5*i - 5*o - 35 = 0. Let s be (-36)/2*7/i. Let g(f) = 21*f**3. Let n be g(1). What is the greatest common divisor of s and n?
21
Suppose 227 = 5*n - 5*h + 62, 8 = 4*h. Calculate the greatest common factor of 350 and n.
35
Suppose 0*u - 3*c = -u - 15, -c = 4*u + 86. Let i = u - -32. Let d(t) = t**2 - 5*t + 9. Let r be d(8). Calculate the highest common divisor of r and i.
11
Let u be -11 - (-1 - (2 - 2)). Let x be u/(-60) - (-166)/12. Calculate the greatest common factor of 7 and x.
7
Let x = -27 + 40. Suppose 3*l = -2*p + 347, 2*p + 8 = -2*p. Calculate the highest common divisor of l and x.
13
Let z be 0 + 2 - -2*2. Let b(w) = w**3 - 5*w**2 - 5*w + 7. Let u be b(z). Let o = 59 - 20. What is the highest common divisor of o and u?
13
Let f(l) = -106*l - 1. Let q be f(-1). Calculate the highest common factor of 42 and q.
21
Let i(q) = -q - 8. Let n be i(-9). Let v = 6 + n. What is the greatest common factor of v and 56?
7
Let r(p) = 5*p**2 - 3*p + 2. Let t be r(2). What is the greatest common divisor of t and 8?
8
Let r be 3*(1 - (-17)/3). Suppose -13*c + 9*c + 20 = 0. Calculate the highest common factor of r and c.
5
Let i = 926 + -330. Suppose -n + 5*n = -5*a + i, -2*n + 478 = 4*a. Suppose a = 5*g - 180. What is the highest common factor of 12 and g?
12
Let y be (2 + 182)/1 - 72/(-18). Calculate the greatest common factor of y and 47.
47
Let h(b) = -b + 16. Let s be h(-12). Let y = s + 80. What is the highest common divisor of y and 12?
12
Let l(y) = 28*y - 1. Let n be l(2). Suppose -6*g + 0*g + 30 = 0. What is the highest common divisor of g and n?
5
Suppose 0 = 2*x - 0 + 8. Let n be 8/10*(-10)/x. Calculate the highest common divisor of 14 and n.
2
Suppose -5*l + 454 = 3*m, 3*m = 2*l - 0*l + 461. What is the highest common divisor of 9 and m?
9
Let l(h) = h**2 - 7*h. Let v be l(7). Suppose v = -n - 4*n + 60. What is the greatest common divisor of n and 84?
12
Let t = 17 - 4. Suppose 5*h = 5*m - 1 - 24, 4*m = -4*h + 28. Let j be 1*t + (m - 9). Calculate the greatest common factor of j and 10.
10
Let n be (-3)/12 + 81/(-12). Let h be 2/n + 317/7. What is the greatest common factor of 9 and h?
9
Let k = 0 - 0. Suppose k*x - 4*x = -36. Calculate the highest common divisor of x and 63.
9
Suppose 4*a - 1 = 3. Suppose 2*t - 1 = -b, -2*t - 13 = -3. Calculate the greatest common factor of a and b.
1
Let t(o) = -2*o**2 + 13*o - 4. Let q(l) = 3*l**2 - 19*l + 6. Let u(r) = -5*q(r) - 7*t(r). Let f be u(3). What is the highest common divisor of f and 8?
1
Suppose -221 = -x - 2*u, 0*x + 206 = x + 5*u. Let m = -19 - -40. Calculate the highest common factor of m and x.
21
Let a be 2*-1 + 12 + -3. Calculate the highest common divisor of a and 28.
7
Let p = 36 - 26. Calculate the highest common divisor of 15 and p.
5
Let q be (4/((-48)/44) + -3)*-6. What is the greatest common divisor of 20 and q?
20
Suppose 3*y - 2*y - 20 = 0. What is the highest common factor of 220 and y?
20
Let s be 3 + (-2)/2*2. Let b be s/((-6)/20)*-12. Calculate the highest common factor of 5 and b.
5
Suppose j = -3*j. Suppose 0 = -4*m + 5*s + 106, -5*m - 5*s + 44 + 66 = j. What is the highest common factor of 12 and m?
12
Let g = 69 - 67. What is the highest common divisor of g and 22?
2
Suppose c - 1 = 7. Let m be c/(-44) + (-1590)/(-33). Calculate the greatest common divisor of 12 and m.
12
Let t be ((-236)/(-4))/(2/4). Let y be ((-3)/(-6))/(1/(-86)). Let l = t + y. What is the highest common divisor of l and 30?
15
Suppose 5*a - 16 - 9 = 0. Let z be (2/8)/(a/20). Suppose 2*x = 3*x - z. Calculate the greatest common divisor of x and 1.
1
Let a = 223 - 105. Let m = 78 - a. Let o = m + 110. Calculate the highest common divisor of o and 10.
10
Let v(u) = u**3 - 7*u**2 + 6*u + 4. Let g be v(6). Suppose -2*c + g = -p + 31, 171 = 5*p - c. What is the highest common divisor of p and 5?
5
Let w = -60 + 85. Suppose -2*u - 2*u + 20 = 0. What is the highest common factor of u and w?
5
Suppose 0 = 3*h + 2*h - 20. Let r = 14 - h. What is the highest common factor of r and 50?
10
Let r be 2*2/4 - -2. Let u(p) = p**3 + 8*p**2 + 4*p + 1. Let n be u(-7). Suppose r*o + n = 5*o. What is